ppose t + 2*t = n. Let x(o) = -3*o + t + 0*o - 5 + 2*o. Determine x(-7).
5
Let s(j) be the third derivative of -j**6/120 + j**5/10 + j**4/6 + 184*j**2 - 2. What is s(5)?
45
Let a(k) be the first derivative of k**3/3 - 5*k**2 + 11*k + 1. Suppose -16*j + 23 = -105. Calculate a(j).
-5
Let j(o) be the first derivative of 7/2*o**2 - 1/3*o**3 - 7*o - 2. Suppose 8*p - 11 - 29 = 0. Give j(p).
3
Let j = -41 - -56. Suppose -t = -k - 6*t + 22, j = 5*t. Let g(b) be the second derivative of -b**3/3 + 5*b**2 + b. Determine g(k).
-4
Let x(y) be the first derivative of -y**2/2 - 3*y + 91. Give x(8).
-11
Let c(v) = 2 + 77*v - 153*v + 78*v. Calculate c(-7).
-12
Suppose -5*u + 4*t + 295 = 0, -t = 4*u + 4*t - 195. Suppose -u = 5*m + o + o, 0 = 5*m + 5*o + 70. Let q be m - 4/6*-6. Let h(f) = f - 1. Calculate h(q).
-6
Let v(p) = 132*p + 1 - 134*p + 1. Calculate v(3).
-4
Let k = -38 + 39. Let i be k/(-4) + (-126)/(-24). Let r(c) = c**2 - 4*c - 4. Give r(i).
1
Let b be 1 + (-1 - -2)*1. Suppose 0 = -7*d + 661 - 661. Suppose d*a = b*a - 2. Let u(z) = -14*z**2 + z. Give u(a).
-13
Let t be -2*10/(-4)*1. Suppose y - t*y = 28. Let i(s) = -s**3 - 8*s**2 - 6*s + 2. Determine i(y).
-5
Let j(v) = 5*v + 3. Suppose -138 = -15*n - 198. Calculate j(n).
-17
Let h(q) = -3 - 112*q + 57*q + 54*q. What is h(-2)?
-1
Let x(j) = -j**2 + 2*j. Suppose i - 3 + 1 = 0. Suppose 3*p = -i*p. Suppose p - 4 = 2*r. Calculate x(r).
-8
Let a(g) = 41*g - 50*g**2 - 96*g + 44*g + 49*g**2 + 7. Give a(-11).
7
Let s(v) = 4*v + 2. Suppose 0 = 4*u + w + 17, -4*w = 76*u - 71*u + 24. What is s(u)?
-14
Let b(z) = -4*z**2 - 2. Let y(i) = i**2. Let t(u) = 2*b(u) + 9*y(u). Calculate t(4).
12
Let t be 6*1 - (-3 + 2). Let q(m) be the second derivative of -m**4/24 + 5*m**3/3 - 21*m**2/2 + 12*m. Let v(j) be the first derivative of q(j). Calculate v(t).
3
Let n(d) be the third derivative of -1/120*d**6 + 1/3*d**3 + 1/10*d**5 + 0 + 0*d - 5/24*d**4 - 26*d**2. Suppose -3*y = y - 16. Give n(y).
14
Let o(g) = -13*g**2 - 2*g**2 + 6*g + 16*g**2 + 7. Calculate o(-5).
2
Let y(t) be the first derivative of t**4/4 + 4*t**3/3 + t**2 + t - 3. Suppose 0 = -m + 10 + 2. Suppose s - 5*s = m. Calculate y(s).
4
Suppose 9*t = 8*t - 2*k + 14, 4*k = 3*t - 2. Let m(g) = -g**3 + 7*g**2 - 3*g. Calculate m(t).
18
Let a(n) = 5*n**2 + n - 7. Let h(i) = -3*i**2 + 6. Let w(m) = 3*a(m) + 4*h(m). Calculate w(-2).
9
Let y(q) be the first derivative of -7/2*q**2 - 1/3*q**3 - 8 - 6*q. Let b(u) = -2*u**2 + 4*u. Let l be b(3). What is y(l)?
0
Let s(j) = -17 - 21 + 3*j + 40 - 3*j**2. Give s(3).
-16
Suppose -5*q + 2 = 7. Let k be 3 + 0/2 - q. Let z(w) = -w**2 - w. Let f(n) = 6*n**2 + 10*n. Let i(p) = 2*f(p) + 14*z(p). Determine i(k).
-8
Let n(u) = u**2 + 14*u - 3. Suppose -2*t = 2*t - 5*k + 60, 0 = -4*k. Determine n(t).
12
Let h(j) = 2*j + 4. Suppose 15*z = 10*z - 90. Let d be (-9 + (-6)/(-3))*z/(-21). Give h(d).
-8
Suppose -2*t = -3*z + 2, 2*t + 5*z - 26 = z. Suppose -29 = -t*p + 2*f, 7 = -2*p - 5*f + 36. Let w(d) = d - 6. What is w(p)?
1
Suppose -3*z - 2*h = 0, 0*h = 2*z - 2*h. Let q(f) = -f - 1. Calculate q(z).
-1
Let x(a) be the third derivative of 0 - 1/8*a**4 + a**2 - 5/6*a**3 + 0*a. Give x(4).
-17
Let h(v) = v**3 - 4*v**2 + 3*v. Suppose -2*x = 5*j, 0 = 6*x - 11*x - 25. Give h(j).
-2
Let b(z) be the second derivative of -z**5/5 - z**4/12 + z**2/2 + 16*z. Let x(c) = -c**3 - 5*c**2 + 3*c + 16. Let p be x(-5). What is b(p)?
-4
Let n(r) = -r + 1. Let z(b) = 0*b**2 + 9 + 0*b + b**2 - 6*b + b. Let w be z(5). Let c be (-2)/(-6)*(w + -6). Give n(c).
0
Let z(n) = -4 + 10*n**3 + 4*n + 3*n - 4*n**2 - n. Let j(c) = c**3 + c**2 - c + 1. Let k(d) = -5*j(d) - z(d). Suppose 741*v + 13 = 728*v. What is k(v)?
14
Let p(z) be the second derivative of z**4/12 + 13*z**3/6 + 7*z**2/2 + 265*z. Determine p(-10).
-23
Let w = -350 - -371. Let m(c) = -c**3 + 23*c**2 - 42*c. Determine m(w).
0
Let d = -164 - -171. Let k(p) be the second derivative of -d*p - 5/6*p**3 + 0 + p**2 - 1/12*p**4. Give k(-6).
-4
Suppose 4*d + 12 = -4. Let l(u) = 0*u**3 - 11 + u**3 - 9*u + 7*u + 6*u**2. Let z(n) = n + 1. Let r(a) = d*z(a) - l(a). Calculate r(-5).
-8
Let x = 8 - 7. Let h(u) = 6*u - 3. Let o(m) be the first derivative of 15*m**2 - 16*m - 8. Let a(n) = -11*h(n) + 2*o(n). Give a(x).
-5
Let v(x) = -x**3 + 6*x**2 - 6*x + 6. Let z = -256 + 260. Determine v(z).
14
Let r(n) = -12*n**2 + 6*n. Let i(o) = 23*o**2 - 11*o. Let u(g) = -6*i(g) - 11*r(g). Determine u(1).
-6
Suppose 198 = 29*q - 208. Let w(y) be the first derivative of 7*y - 10/3*y**3 + 4*y**2 + 1/4*y**4 - q. Determine w(9).
-2
Let i(r) = r - 3. Let x(h) = -2*h + 8. Suppose z - 5*j - 16 = 0, 0*z + 3*j = -2*z + 19. Let o(v) = z*i(v) + 4*x(v). Give o(1).
2
Let c = 9 - 6. Let p(s) be the third derivative of -s**5/30 + s**3/3 + 52*s**2 - s. What is p(c)?
-16
Let b(c) be the third derivative of c**5/60 + c**4/3 + c**3/2 + 3*c**2. Let h be b(-8). Let q(y) = -5*y - h + 12*y + 2 + 5 - y**2. Give q(6).
10
Suppose 0 = -y - 28 + 26, -34 = -5*v + 2*y. Let t(f) = -f**2 + 9*f + 1. Let a(b) = 2*b**2 - 17*b - 2. Let d(o) = -4*a(o) - 7*t(o). Give d(v).
-5
Suppose -4*z - 38 = 2*u, 5*z + 4*u + 47 + 8 = 0. Let v(k) = -k + 2. What is v(z)?
9
Let n(i) be the first derivative of -i**4/4 + 11*i**3/3 + 3*i**2/2 - 6*i + 204. Determine n(11).
27
Let b(g) = -5*g + 16. Let a(l) = l**3 - 9*l**2 + 10*l - 8. Let i be a(8). Let c(u) = -3*u + 11. Let p(r) = i*c(r) - 5*b(r). Determine p(7).
15
Suppose -2*x + 3 = -3. Suppose 4 - x = t. Let y(n) = 0 - 4 + 7*n**2 + 7*n + n**3 - t. Give y(-6).
-11
Let f(c) = -c + 13. Let g be f(7). Let j(y) = -y**3 + 6*y**2 - 4. Let a(t) = 2*t**3 - 12*t**2 + 9. Let p(b) = -3*a(b) - 7*j(b). Determine p(g).
1
Let r(v) be the second derivative of 26*v + 2*v**2 - 4/3*v**3 + 7/12*v**4 + 0 - 1/20*v**5. Calculate r(6).
-8
Let h(i) = -i**2 + i - 1. Let b = -1266 - -1267. What is h(b)?
-1
Suppose 4*b + 4 = -3*p, -3*b - 1 + 3 = p. Let o(a) = a**3 - 4*a - 2*a**3 + 2*a**3 - 6 + 3*a**2. Determine o(p).
-6
Let h = -1394 + 1400. Let d(n) = -n**3 + 7*n**2 - 5*n - 12. What is d(h)?
-6
Suppose 4*t = f - 57, -3*t + 2*f - 36 = -t. Let s = -10 - t. Suppose 0 = 2*d + s*d - 20. Let g(l) = l - 3. Calculate g(d).
1
Suppose 16*k + 4*k + 20 = 0. Let g(w) be the third derivative of -1/12*w**4 - 1/6*w**3 - 1/60*w**5 + w**2 + 1/30*w**6 + 0 + 0*w. Give g(k).
-4
Let y be 3/((-1)/(4/(-3))). Suppose 2*t = -2*b + 12, 0 = -2*t - 2*b + 7*b + 47. Let x(h) = 8 + 6 + 0*h - t + h. Determine x(y).
7
Let i(q) = -3*q**2 - 4*q - 1. Suppose 99*r - 12*r = -174. Give i(r).
-5
Let w(r) be the first derivative of -2*r**3/3 + r**2/2 + 4*r + 61. Let x be 1/6 - 76/24. Give w(x).
-17
Let o(j) = -4*j**3 - 2*j**2 - 7*j + 4. Let d = -5 + 7. Let p(k) = -7 + 12*k + 7*k**3 + k + 0*k + 5*k**d. Let h(w) = -5*o(w) - 3*p(w). Give h(-4).
1
Let s(f) = -5*f**2 - 7*f - 1. Let o(u) = u**2 - 2*u. Let w(j) = -3*o(j) - s(j). Give w(-6).
-5
Let h(f) = f**2 + 5*f - 8. Let z be h(-7). Suppose 7*r = z*r - 21. Let x = 17 + r. Let i(q) = -q**3 - 4*q**2 - 3*q + 4. Give i(x).
16
Let j(f) = f**2 + 2*f + 1. Let v be -6*(-2)/(-8)*(26 + -24). Determine j(v).
4
Let t(s) = -s**3 + 4*s**2 + 2*s + 5. Let o(f) = 5*f**2 - 40*f + 8. Let v(n) = -3*n**2 + 20*n - 4. Let i(g) = 4*o(g) + 7*v(g). Let c be i(-20). Determine t(c).
13
Let t(r) = -r**3 + 5*r**2 - r + 5. Let m be t(5). Let u(s) be the first derivative of -1/4*s**4 + s + 1/3*s**3 + 4 + 0*s**2. What is u(m)?
1
Let g(j) = -j + 1. Let i be (5 - (-32)/(-5)) + (-2)/(-5). Calculate g(i).
2
Suppose 5*d + 58 = -2. Let f(q) = -2*q - 22. Let u be f(d). Suppose 5*h + 12 = u*h. Let o(j) = j**3 + 4*j**2 + 1. Determine o(h).
1
Let b(y) be the third derivative of -y**5/60 + y**4/24 - 2*y**3/3 - y**2. Suppose 14 = 5*n + 14. Calculate b(n).
-4
Let k(f) = -f - 2. Let a be k(7). Let x(c) = 15*c**3 + 18*c**2 - 17*c - 39. Let s(w) = 7*w**3 + 9*w**2 - 8*w - 19. Let h(i) = 13*s(i) - 6*x(i). Give h(a).
5
Let x(z) be the first derivative of -z**7/420 - z**6/120 - z**5/40 - z**4/24 - 8*z**3 - 24. Let n(g) be the third derivative of x(g). Give n(-2).
9
Suppose 0 + 16 = -4*y. Let c be 0*y/(1 + 11). Let m be (-3)/3*(c + 1). Let s(w) = 4*w**2 + 2*w + 1. What is s(m)?
3
Suppose -w = -0*w + 5*j - 20, -4 = -j. Let r(n) be the first derivative of n**2/2 + 2*n + 408. What is r(w)?
2
Suppose -o - 3*u - 9 = -2, 